{"id":44,"date":"2021-04-10T18:11:54","date_gmt":"2021-04-10T18:11:54","guid":{"rendered":"https:\/\/tosics.eu\/?page_id=44"},"modified":"2021-05-21T08:58:07","modified_gmt":"2021-05-21T08:58:07","slug":"english-blog","status":"publish","type":"page","link":"https:\/\/tosics.eu\/en\/english-blog\/","title":{"rendered":"Blog"},"content":{"rendered":"<ul class=\"wp-block-latest-posts__list has-dates wp-block-latest-posts\"><li><a class=\"wp-block-latest-posts__post-title\" href=\"https:\/\/tosics.eu\/en\/city-governance-academy-in-budapest-already-the-third-year\/\">City Governance Academy in Budapest \u2013 already the third year!<\/a><time datetime=\"2026-04-11T19:11:09+00:00\" class=\"wp-block-latest-posts__post-date\">2026.04.11.<\/time><div class=\"wp-block-latest-posts__post-excerpt\">In April 2023, the Municipality of Budapest launched an exciting new initiative: the City Governance Academy. The course offers a comprehensive blend of theoretical and practical insights, where participants can gain invaluable knowledge about &#8230; <a title=\"City Governance Academy in Budapest \u2013 already the third year!\" class=\"read-more\" href=\"https:\/\/tosics.eu\/en\/city-governance-academy-in-budapest-already-the-third-year\/\" aria-label=\"Read more about City Governance Academy in Budapest \u2013 already the third year!\">Read more<\/a><\/div><\/li>\n<li><a class=\"wp-block-latest-posts__post-title\" href=\"https:\/\/tosics.eu\/en\/varoskormanyzasi-akademia-budapesten-mar-a-harmadik-evfolyam\/\">V\u00e1roskorm\u00e1nyz\u00e1si Akad\u00e9mia Budapesten \u2013 m\u00e1r a harmadik \u00e9vfolyam!<\/a><time datetime=\"2026-04-11T19:08:55+00:00\" class=\"wp-block-latest-posts__post-date\">2026.04.11.<\/time><div class=\"wp-block-latest-posts__post-excerpt\">2023. \u00e1prilis\u00e1ban a F\u0151v\u00e1rosi \u00d6nkorm\u00e1nyzat \u00fatnak ind\u00edtott egy \u00faj kezdem\u00e9nyez\u00e9st: a V\u00e1roskorm\u00e1nyz\u00e1si Akad\u00e9mi\u00e1t. Ez az innovat\u00edv k\u00e9pz\u00e9s olyan elm\u00e9leti tud\u00e1st, szakmai tal\u00e1lkoz\u00e1sokat, \u00e9s gyakorlati tapasztalatok ny\u00fajt, melynek sor\u00e1n a hallgat\u00f3k a v\u00e1rospolitika \u00e9s a &#8230; <a title=\"V\u00e1roskorm\u00e1nyz\u00e1si Akad\u00e9mia Budapesten \u2013 m\u00e1r a harmadik \u00e9vfolyam!\" class=\"read-more\" href=\"https:\/\/tosics.eu\/en\/varoskormanyzasi-akademia-budapesten-mar-a-harmadik-evfolyam\/\" aria-label=\"Read more about V\u00e1roskorm\u00e1nyz\u00e1si Akad\u00e9mia Budapesten \u2013 m\u00e1r a harmadik \u00e9vfolyam!\">Read more<\/a><\/div><\/li>\n<li><a class=\"wp-block-latest-posts__post-title\" href=\"https:\/\/tosics.eu\/en\/city-governance-academy\/\">City Governance Academy<\/a><time datetime=\"2024-03-08T18:37:14+00:00\" class=\"wp-block-latest-posts__post-date\">2024.03.08.<\/time><div class=\"wp-block-latest-posts__post-excerpt\">In April 2023 Budapest municipality launched a new initiative: City Governance Academy. This is a whole-year course with meetings every second Saturday between 10-17 hours. During the 13 occasions the participants get three presentations &#8230; <a title=\"City Governance Academy\" class=\"read-more\" href=\"https:\/\/tosics.eu\/en\/city-governance-academy\/\" aria-label=\"Read more about City Governance Academy\">Read more<\/a><\/div><\/li>\n<li><a class=\"wp-block-latest-posts__post-title\" href=\"https:\/\/tosics.eu\/en\/participation-in-the-greater-paris-metropolis-meeting-on-urban-densification\/\">Participation in the Greater Paris Metropolis Meeting on urban densification<\/a><time datetime=\"2024-03-08T18:33:22+00:00\" class=\"wp-block-latest-posts__post-date\">2024.03.08.<\/time><div class=\"wp-block-latest-posts__post-excerpt\">On 8 February 2024 Ivan Tosics participated in an International Roundtable, as part of the Greater Paris Metropolis Meetings #1. The topic of the conference was: Metropolises facing the challenges of density: what concrete &#8230; <a title=\"Participation in the Greater Paris Metropolis Meeting on urban densification\" class=\"read-more\" href=\"https:\/\/tosics.eu\/en\/participation-in-the-greater-paris-metropolis-meeting-on-urban-densification\/\" aria-label=\"Read more about Participation in the Greater Paris Metropolis Meeting on urban densification\">Read more<\/a><\/div><\/li>\n<li><a class=\"wp-block-latest-posts__post-title\" href=\"https:\/\/tosics.eu\/en\/keynote-presentation-in-bologna-about-the-post-pandemic-recovery-in-the-eu\/\">Keynote presentation in Bologna about the post-pandemic recovery in the EU<\/a><time datetime=\"2024-03-06T19:06:49+00:00\" class=\"wp-block-latest-posts__post-date\">2024.03.06.<\/time><div class=\"wp-block-latest-posts__post-excerpt\">Ivan Tosics gave the afternoon keynote presentation at the urban@it National Center for Urban Policy Studies conference on 26 January 2024, at the Enzo Biagi Auditorium in Bologna. The title of the presentation was: &#8230; <a title=\"Keynote presentation in Bologna about the post-pandemic recovery in the EU\" class=\"read-more\" href=\"https:\/\/tosics.eu\/en\/keynote-presentation-in-bologna-about-the-post-pandemic-recovery-in-the-eu\/\" aria-label=\"Read more about Keynote presentation in Bologna about the post-pandemic recovery in the EU\">Read more<\/a><\/div><\/li>\n<li><a class=\"wp-block-latest-posts__post-title\" href=\"https:\/\/tosics.eu\/en\/hogyan-lehet-jobba-tenni-a-varosokat-az-emberek-szamara\/\">How to Make Cities Better Places for People?<\/a><time datetime=\"2023-01-28T16:36:20+00:00\" class=\"wp-block-latest-posts__post-date\">2023.01.28.<\/time><div class=\"wp-block-latest-posts__post-excerpt\">Are you a local politician, decision-maker, or a city practitioner? Or a citizen who is interested in making your city a better place for people and shift from car dependency to sustainable urban mobility? &#8230; <a title=\"How to Make Cities Better Places for People?\" class=\"read-more\" href=\"https:\/\/tosics.eu\/en\/hogyan-lehet-jobba-tenni-a-varosokat-az-emberek-szamara\/\" aria-label=\"Read more about How to Make Cities Better Places for People?\">Read more<\/a><\/div><\/li>\n<li><a class=\"wp-block-latest-posts__post-title\" href=\"https:\/\/tosics.eu\/en\/the-trilemma-of-ukraines-recovery-centralised-decentralised-or-private-sector-led\/\">The Trilemma of Ukraine\u2019s Recovery: Centralised, Decentralised or Private-Sector Led?<\/a><time datetime=\"2023-01-03T10:07:00+00:00\" class=\"wp-block-latest-posts__post-date\">2023.01.03.<\/time><div class=\"wp-block-latest-posts__post-excerpt\">The news about Ukraine focus almost exclusively on the war situation. In the meantime, however, there are other important processes going on that get much less attention, at least in the mass media. Background: &#8230; <a title=\"The Trilemma of Ukraine\u2019s Recovery: Centralised, Decentralised or Private-Sector Led?\" class=\"read-more\" href=\"https:\/\/tosics.eu\/en\/the-trilemma-of-ukraines-recovery-centralised-decentralised-or-private-sector-led\/\" aria-label=\"Read more about The Trilemma of Ukraine\u2019s Recovery: Centralised, Decentralised or Private-Sector Led?\">Read more<\/a><\/div><\/li>\n<li><a class=\"wp-block-latest-posts__post-title\" href=\"https:\/\/tosics.eu\/en\/megjelent-a-2022-es-ujevi-fotoessze\/\">The 2022 photo essay is out<\/a><time datetime=\"2023-01-02T19:27:29+00:00\" class=\"wp-block-latest-posts__post-date\">2023.01.02.<\/time><div class=\"wp-block-latest-posts__post-excerpt\">Every year I prepare a short photo essay on questions related to urbanism and urban research, and 2022 is no exception. This year I briefly discuss the visions of &#8220;people friendly&#8221; cities with more &#8230; <a title=\"The 2022 photo essay is out\" class=\"read-more\" href=\"https:\/\/tosics.eu\/en\/megjelent-a-2022-es-ujevi-fotoessze\/\" aria-label=\"Read more about The 2022 photo essay is out\">Read more<\/a><\/div><\/li>\n<li><a class=\"wp-block-latest-posts__post-title\" href=\"https:\/\/tosics.eu\/en\/hatekonyan-tiltakozni\/\">How to protest effectively?<\/a><time datetime=\"2021-05-19T09:48:33+00:00\" class=\"wp-block-latest-posts__post-date\">2021.05.19.<\/time><div class=\"wp-block-latest-posts__post-excerpt\">There are many new developments in Hungary which are decided in an autocratic way, not leaving room for opposing ideas, not even for questions. In the given, government-controlled and dominated media situation in Hungary &#8230; <a title=\"How to protest effectively?\" class=\"read-more\" href=\"https:\/\/tosics.eu\/en\/hatekonyan-tiltakozni\/\" aria-label=\"Read more about How to protest effectively?\">Read more<\/a><\/div><\/li>\n<\/ul>","protected":false},"excerpt":{"rendered":"","protected":false},"author":1,"featured_media":0,"parent":0,"menu_order":0,"comment_status":"closed","ping_status":"closed","template":"","meta":{"_monsterinsights_skip_tracking":false,"_monsterinsights_sitenote_active":false,"_monsterinsights_sitenote_note":"","_monsterinsights_sitenote_category":0,"footnotes":""},"class_list":["post-44","page","type-page","status-publish"],"translation":{"provider":"WPGlobus","version":"3.0.2","language":"en","enabled_languages":["hu","en"],"languages":{"hu":{"title":true,"content":true,"excerpt":false},"en":{"title":true,"content":false,"excerpt":false}}},"aioseo_notices":[],"_links":{"self":[{"href":"https:\/\/tosics.eu\/en\/wp-json\/wp\/v2\/pages\/44","targetHints":{"allow":["GET"]}}],"collection":[{"href":"https:\/\/tosics.eu\/en\/wp-json\/wp\/v2\/pages"}],"about":[{"href":"https:\/\/tosics.eu\/en\/wp-json\/wp\/v2\/types\/page"}],"author":[{"embeddable":true,"href":"https:\/\/tosics.eu\/en\/wp-json\/wp\/v2\/users\/1"}],"replies":[{"embeddable":true,"href":"https:\/\/tosics.eu\/en\/wp-json\/wp\/v2\/comments?post=44"}],"version-history":[{"count":7,"href":"https:\/\/tosics.eu\/en\/wp-json\/wp\/v2\/pages\/44\/revisions"}],"predecessor-version":[{"id":171,"href":"https:\/\/tosics.eu\/en\/wp-json\/wp\/v2\/pages\/44\/revisions\/171"}],"wp:attachment":[{"href":"https:\/\/tosics.eu\/en\/wp-json\/wp\/v2\/media?parent=44"}],"curies":[{"name":"wp","href":"https:\/\/api.w.org\/{rel}","templated":true}]}}

<ul class="wp-block-latest-posts__list has-dates wp-block-latest-posts"><li><a class="wp-block-latest-posts__post-title" href="https://tosics.eu/en/city-governance-academy-in-budapest-already-the-third-year/">City Governance Academy in Budapest – already the third year!</a><time datetime="2026-04-11T19:11:09+00:00" class="wp-block-latest-posts__post-date">2026.04.11.</time><div class="wp-block-latest-posts__post-excerpt">In April 2023, the Municipality of Budapest launched an exciting new initiative: the City Governance Academy. The course offers a comprehensive blend of theoretical and practical insights, where participants can gain invaluable knowledge about &#8230; <a title="City Governance Academy in Budapest – already the third year!" class="read-more" href="https://tosics.eu/en/city-governance-academy-in-budapest-already-the-third-year/" aria-label="Read more about City Governance Academy in Budapest – already the third year!">Read more</a></div></li>
<li><a class="wp-block-latest-posts__post-title" href="https://tosics.eu/en/varoskormanyzasi-akademia-budapesten-mar-a-harmadik-evfolyam/">Városkormányzási Akadémia Budapesten – már a harmadik évfolyam!</a><time datetime="2026-04-11T19:08:55+00:00" class="wp-block-latest-posts__post-date">2026.04.11.</time><div class="wp-block-latest-posts__post-excerpt">2023. áprilisában a Fővárosi Önkormányzat útnak indított egy új kezdeményezést: a Városkormányzási Akadémiát. Ez az innovatív képzés olyan elméleti tudást, szakmai találkozásokat, és gyakorlati tapasztalatok nyújt, melynek során a hallgatók a várospolitika és a &#8230; <a title="Városkormányzási Akadémia Budapesten – már a harmadik évfolyam!" class="read-more" href="https://tosics.eu/en/varoskormanyzasi-akademia-budapesten-mar-a-harmadik-evfolyam/" aria-label="Read more about Városkormányzási Akadémia Budapesten – már a harmadik évfolyam!">Read more</a></div></li>
<li><a class="wp-block-latest-posts__post-title" href="https://tosics.eu/en/city-governance-academy/">City Governance Academy</a><time datetime="2024-03-08T18:37:14+00:00" class="wp-block-latest-posts__post-date">2024.03.08.</time><div class="wp-block-latest-posts__post-excerpt">In April 2023 Budapest municipality launched a new initiative: City Governance Academy. This is a whole-year course with meetings every second Saturday between 10-17 hours. During the 13 occasions the participants get three presentations &#8230; <a title="City Governance Academy" class="read-more" href="https://tosics.eu/en/city-governance-academy/" aria-label="Read more about City Governance Academy">Read more</a></div></li>
<li><a class="wp-block-latest-posts__post-title" href="https://tosics.eu/en/participation-in-the-greater-paris-metropolis-meeting-on-urban-densification/">Participation in the Greater Paris Metropolis Meeting on urban densification</a><time datetime="2024-03-08T18:33:22+00:00" class="wp-block-latest-posts__post-date">2024.03.08.</time><div class="wp-block-latest-posts__post-excerpt">On 8 February 2024 Ivan Tosics participated in an International Roundtable, as part of the Greater Paris Metropolis Meetings #1. The topic of the conference was: Metropolises facing the challenges of density: what concrete &#8230; <a title="Participation in the Greater Paris Metropolis Meeting on urban densification" class="read-more" href="https://tosics.eu/en/participation-in-the-greater-paris-metropolis-meeting-on-urban-densification/" aria-label="Read more about Participation in the Greater Paris Metropolis Meeting on urban densification">Read more</a></div></li>
<li><a class="wp-block-latest-posts__post-title" href="https://tosics.eu/en/keynote-presentation-in-bologna-about-the-post-pandemic-recovery-in-the-eu/">Keynote presentation in Bologna about the post-pandemic recovery in the EU</a><time datetime="2024-03-06T19:06:49+00:00" class="wp-block-latest-posts__post-date">2024.03.06.</time><div class="wp-block-latest-posts__post-excerpt">Ivan Tosics gave the afternoon keynote presentation at the urban@it National Center for Urban Policy Studies conference on 26 January 2024, at the Enzo Biagi Auditorium in Bologna. The title of the presentation was: &#8230; <a title="Keynote presentation in Bologna about the post-pandemic recovery in the EU" class="read-more" href="https://tosics.eu/en/keynote-presentation-in-bologna-about-the-post-pandemic-recovery-in-the-eu/" aria-label="Read more about Keynote presentation in Bologna about the post-pandemic recovery in the EU">Read more</a></div></li>
<li><a class="wp-block-latest-posts__post-title" href="https://tosics.eu/en/hogyan-lehet-jobba-tenni-a-varosokat-az-emberek-szamara/">How to Make Cities Better Places for People?</a><time datetime="2023-01-28T16:36:20+00:00" class="wp-block-latest-posts__post-date">2023.01.28.</time><div class="wp-block-latest-posts__post-excerpt">Are you a local politician, decision-maker, or a city practitioner? Or a citizen who is interested in making your city a better place for people and shift from car dependency to sustainable urban mobility? &#8230; <a title="How to Make Cities Better Places for People?" class="read-more" href="https://tosics.eu/en/hogyan-lehet-jobba-tenni-a-varosokat-az-emberek-szamara/" aria-label="Read more about How to Make Cities Better Places for People?">Read more</a></div></li>
<li><a class="wp-block-latest-posts__post-title" href="https://tosics.eu/en/the-trilemma-of-ukraines-recovery-centralised-decentralised-or-private-sector-led/">The Trilemma of Ukraine’s Recovery: Centralised, Decentralised or Private-Sector Led?</a><time datetime="2023-01-03T10:07:00+00:00" class="wp-block-latest-posts__post-date">2023.01.03.</time><div class="wp-block-latest-posts__post-excerpt">The news about Ukraine focus almost exclusively on the war situation. In the meantime, however, there are other important processes going on that get much less attention, at least in the mass media. Background: &#8230; <a title="The Trilemma of Ukraine’s Recovery: Centralised, Decentralised or Private-Sector Led?" class="read-more" href="https://tosics.eu/en/the-trilemma-of-ukraines-recovery-centralised-decentralised-or-private-sector-led/" aria-label="Read more about The Trilemma of Ukraine’s Recovery: Centralised, Decentralised or Private-Sector Led?">Read more</a></div></li>
<li><a class="wp-block-latest-posts__post-title" href="https://tosics.eu/en/megjelent-a-2022-es-ujevi-fotoessze/">The 2022 photo essay is out</a><time datetime="2023-01-02T19:27:29+00:00" class="wp-block-latest-posts__post-date">2023.01.02.</time><div class="wp-block-latest-posts__post-excerpt">Every year I prepare a short photo essay on questions related to urbanism and urban research, and 2022 is no exception. This year I briefly discuss the visions of &#8220;people friendly&#8221; cities with more &#8230; <a title="The 2022 photo essay is out" class="read-more" href="https://tosics.eu/en/megjelent-a-2022-es-ujevi-fotoessze/" aria-label="Read more about The 2022 photo essay is out">Read more</a></div></li>
<li><a class="wp-block-latest-posts__post-title" href="https://tosics.eu/en/hatekonyan-tiltakozni/">How to protest effectively?</a><time datetime="2021-05-19T09:48:33+00:00" class="wp-block-latest-posts__post-date">2021.05.19.</time><div class="wp-block-latest-posts__post-excerpt">There are many new developments in Hungary which are decided in an autocratic way, not leaving room for opposing ideas, not even for questions. In the given, government-controlled and dominated media situation in Hungary &#8230; <a title="How to protest effectively?" class="read-more" href="https://tosics.eu/en/hatekonyan-tiltakozni/" aria-label="Read more about How to protest effectively?">Read more</a></div></li>
</ul>
